mon factor of 122316845 and 175?
35
Calculate the highest common divisor of 87698 and 838.
2
What is the highest common divisor of 170925 and 4022650?
1075
What is the highest common factor of 1387 and 449350?
19
What is the highest common divisor of 102628 and 150?
2
Calculate the greatest common factor of 4608 and 8627328.
1152
Calculate the highest common divisor of 18785234 and 247.
13
Calculate the highest common divisor of 116064 and 6357.
39
Calculate the highest common factor of 2877421 and 1025.
41
Calculate the greatest common divisor of 2090010 and 2691.
897
What is the highest common divisor of 1387728 and 7408944?
3312
Calculate the highest common divisor of 45446588 and 77891.
803
Calculate the highest common factor of 5193780 and 96942.
642
Calculate the highest common factor of 292 and 32473612.
292
What is the greatest common factor of 490 and 7350150?
10
What is the highest common factor of 1342269 and 1116?
279
Calculate the highest common divisor of 35 and 287671595.
5
Calculate the greatest common factor of 20 and 1265010520.
20
What is the highest common factor of 159566 and 2222?
22
What is the greatest common factor of 187 and 12061841?
11
Calculate the greatest common factor of 2287856 and 880.
16
Calculate the highest common divisor of 2718056 and 737.
737
What is the highest common divisor of 22955436 and 370787?
1283
Calculate the greatest common factor of 7461734 and 14.
14
Calculate the greatest common divisor of 102 and 49400997.
51
What is the greatest common factor of 910 and 492875110?
910
Calculate the highest common divisor of 2929760 and 224.
32
Calculate the highest common factor of 1372 and 3718064.
28
What is the highest common divisor of 72813415 and 95?
95
Calculate the greatest common divisor of 5656 and 974751.
101
What is the greatest common divisor of 1964 and 327835790?
982
Calculate the greatest common divisor of 33090 and 19990.
10
What is the highest common divisor of 16770 and 24302310?
1290
Calculate the greatest common divisor of 14268 and 106149396.
348
What is the greatest common divisor of 23545627 and 735588?
6811
What is the highest common divisor of 10310040 and 15210?
1170
Calculate the greatest common divisor of 819 and 913549.
91
Calculate the greatest common factor of 136 and 146353544.
136
What is the highest common factor of 15850 and 880626?
634
What is the greatest common factor of 3567 and 2467503?
123
What is the highest common factor of 6897450 and 69720?
210
What is the highest common factor of 873440730 and 180?
90
What is the highest common divisor of 163989 and 13289?
137
What is the greatest common divisor of 282050772 and 837?
93
Calculate the greatest common factor of 43512120 and 40.
40
Calculate the greatest common factor of 152 and 14409866.
38
Calculate the highest common factor of 7564725 and 1225.
175
Calculate the highest common factor of 2920 and 188194000.
2920
What is the highest common factor of 1860651 and 56563?
247
Calculate the highest common divisor of 72976 and 1288832.
16
What is the greatest common factor of 145 and 232568110?
145
What is the highest common divisor of 274052 and 12838?
262
Calculate the highest common factor of 85488 and 588666.
78
What is the highest common divisor of 5249 and 268047?
29
What is the highest common divisor of 88168191 and 21495?
4299
What is the greatest common factor of 1476 and 8071506?
738
Calculate the greatest common factor of 8128480 and 1313.
101
What is the highest common factor of 1049886 and 569358?
846
Calculate the greatest common factor of 350 and 4888828.
14
Calculate the greatest common divisor of 195904 and 21400.
8
Calculate the greatest common divisor of 1860514 and 238.
34
What is the highest common divisor of 199 and 9493494?
199
Calculate the greatest common divisor of 1829 and 1004617.
31
What is the highest common divisor of 89079 and 169740?
69
What is the highest common divisor of 439043418 and 165?
33
Calculate the highest common factor of 53627 and 1081.
47
What is the greatest common factor of 43690 and 58990?
170
Calculate the greatest common factor of 90 and 744300450.
90
What is the highest common factor of 11498670 and 3?
3
What is the highest common divisor of 1021 and 123210196?
1021
Calculate the greatest common divisor of 8544080 and 400.
80
What is the highest common divisor of 215103 and 2310?
21
What is the highest common factor of 10307 and 996031?
937
What is the greatest common divisor of 28002 and 374218?
26
Calculate the highest common divisor of 2495 and 26514365.
2495
What is the highest common factor of 3216486682 and 3386?
3386
Calculate the greatest common factor of 1456468 and 53872.
1924
Calculate the highest common divisor of 2301701 and 608681.
4031
Calculate the greatest common divisor of 4200302 and 1334.
58
Calculate the greatest common factor of 1134 and 1505259.
63
Calculate the highest common factor of 17232084 and 9324.
1332
What is the greatest common divisor of 49 and 158477221?
49
Calculate the greatest common divisor of 20747240 and 32.
8
What is the highest common divisor of 66 and 233667?
3
Calculate the highest common factor of 43979275 and 25.
25
What is the highest common factor of 740 and 82158?
2
Calculate the highest common divisor of 750 and 3343270.
10
Calculate the highest common divisor of 510 and 1470585.
255
What is the highest common factor of 36 and 1379084?
4
What is the greatest common divisor of 870738 and 144622?
334
What is the highest common factor of 17400496 and 2454?
818
What is the greatest common factor of 429 and 858671?
11
What is the highest common divisor of 20967246 and 1226214?
10134
Calculate the greatest common divisor of 283404308 and 9544.
4772
Calculate the greatest common divisor of 1217515 and 115.
5
What is the greatest common divisor of 3744 and 11487840?
1248
Calculate the greatest common factor of 149874718 and 112.
14
What is the greatest common factor of 5108516 and 5180?
1036
What is the greatest common divisor of 3666088 and 11924?
1084
What is the greatest common factor of 78225636 and 204?
204
What is the highest common factor of 460 and 85674448?
92
What is the highest common divisor of 1444624 and 20?
4
What is the greatest common factor of 1183464 and 110592?
216
What is the highest common factor of 8586 and 12410658?
162
What is the greatest common factor of 1788593 and 2?
1
Calculate the greatest common divisor of 284 and 309860827.
71
What is the highest common factor of 160534 and 8888?
22
What is the highest common divisor of 6080 and 262352?
304
What is the greatest common divisor of 5089700 and 9800?
700
What is the highest common factor of 1 and 326153?
1
Calculate the highest common divisor of 180 and 6022764.
36
What is the greatest common factor of 25114 and 2296075?
29
What is the greatest common factor of 68257950 and 300?
150
What is the highest common divisor of 6278207 and 57031?
533
What is the highest common factor of 3126818 and 2?
2
Calculate the greatest common divisor of 1171714613 and 17.
17
Calculate the highest common factor of 2575 and 31749750.
2575
Calculate the greatest common factor of 1160 and 4577000.
40
Calculate the highest common factor of 432 and 223202574.
54
Calculate the highest common factor of 45456970 and 23.
23
What is the greatest common divisor of 187 and 86796765?
11
Calculate the highest common divisor of 15916 and 1119732.
92
What is the highest common factor of 41961688 and 8?
8
Calculate the greatest common divisor of 1331550 and 1796382.
4842
What is the highest common factor of 1807930 and 470?
10
Calculate the highest common factor of 396 and 13212.
36
What is the greatest common divisor of 61983 and 1898469?
639
Calculate the highest common factor of 93366 and 193059.
171
Calculate the greatest common divisor of 361984 and 100736.
128
What is the highest common divisor of 3151026 and 36?
18
Calculate the highest common divisor of 341622 and 347.
1
Calculate the highest common divisor of 137 and 15617041.
137
What is the highest common divisor of 102525 and 5325?
75
Calculate the greatest common divisor of 43194 and 648807.
69
What is the highest common factor of 7713 and 155117?
857
What is the greatest common factor of 722840270 and 1180?
590